factors of 404397912?
2, 3, 83, 203011
List the prime factors of 44261045.
5, 71, 124679
What are the prime factors of 363712499?
73, 199, 25037
What are the prime factors of 221312186?
2, 59, 103, 131, 139
What are the prime factors of 74874151?
11, 1129, 6029
List the prime factors of 238208410.
2, 5, 11, 2165531
What are the prime factors of 172431324?
2, 3, 13, 368443
List the prime factors of 262890685.
5, 52578137
What are the prime factors of 39951314?
2, 13, 1536589
What are the prime factors of 603037347?
3, 11, 3433, 5323
List the prime factors of 286008516.
2, 3, 2648227
What are the prime factors of 528585105?
3, 5, 2017, 17471
List the prime factors of 915131275.
5, 41, 269, 3319
What are the prime factors of 169544498?
2, 29, 61, 173, 277
List the prime factors of 311751616.
2, 11, 442829
List the prime factors of 71273347.
359, 198533
What are the prime factors of 1767939933?
3, 22573, 26107
List the prime factors of 151032787.
151032787
List the prime factors of 85333463.
107, 797509
List the prime factors of 1058676121.
1058676121
What are the prime factors of 6943763604?
2, 3, 379, 881, 1733
List the prime factors of 8450786.
2, 31, 136303
What are the prime factors of 104880393?
3, 67, 57977
List the prime factors of 2867539629.
3, 2749, 347707
What are the prime factors of 217546299?
3, 24171811
What are the prime factors of 3611833?
3611833
What are the prime factors of 250582465?
5, 7, 17, 421147
What are the prime factors of 237518477?
7, 79, 429509
What are the prime factors of 650542807?
499, 1303693
What are the prime factors of 130295853?
3, 14477317
List the prime factors of 70584839.
13, 881, 6163
What are the prime factors of 424355447?
503, 843649
What are the prime factors of 68406688?
2, 7, 19, 16073
What are the prime factors of 1705958224?
2, 4813, 22153
What are the prime factors of 186702081?
3, 853, 72959
What are the prime factors of 138964597?
23, 262693
List the prime factors of 67382206.
2, 33691103
List the prime factors of 77298925.
5, 11, 103, 2729
What are the prime factors of 36351372?
2, 3, 17, 73, 2441
List the prime factors of 54911532.
2, 3, 13, 131, 2687
List the prime factors of 64506671.
53, 1217107
What are the prime factors of 659567976?
2, 3, 19, 101, 14321
What are the prime factors of 447713184?
2, 3, 643, 7253
What are the prime factors of 92416059?
3, 42257
List the prime factors of 592046775.
3, 5, 97, 27127
List the prime factors of 2332353576.
2, 3, 7, 13883057
What are the prime factors of 1132771679?
13, 6702791
What are the prime factors of 610965778?
2, 1373, 222493
What are the prime factors of 40859501?
5003, 8167
What are the prime factors of 1616442386?
2, 13, 89, 733, 953
List the prime factors of 75258087.
3, 25086029
What are the prime factors of 69070424?
2, 683, 12641
What are the prime factors of 5291254464?
2, 3, 27558617
List the prime factors of 3157313780.
2, 5, 17, 1031, 9007
List the prime factors of 44032035.
3, 5, 37, 79337
What are the prime factors of 2176026730?
2, 5, 2957, 73589
List the prime factors of 294822392.
2, 19, 1939621
List the prime factors of 645419923.
173, 503, 7417
What are the prime factors of 358763291?
17, 21103723
List the prime factors of 638873710.
2, 5, 63887371
List the prime factors of 1691567745.
3, 5, 7, 17, 347, 2731
What are the prime factors of 1215519801?
3, 23, 33301
What are the prime factors of 1339801755?
3, 5, 167, 534851
List the prime factors of 9534936322.
2, 4767468161
List the prime factors of 705350231.
705350231
List the prime factors of 11445317.
13, 880409
What are the prime factors of 258017971?
6043, 42697
What are the prime factors of 868802405?
5, 491, 353891
What are the prime factors of 384039463?
1429, 268747
What are the prime factors of 823631227?
823631227
List the prime factors of 4082210632.
2, 510276329
What are the prime factors of 2934113279?
2934113279
List the prime factors of 60814196.
2, 15203549
What are the prime factors of 857091890?
2, 5, 17, 521, 9677
What are the prime factors of 3905408550?
2, 3, 5, 26036057
List the prime factors of 1111916121.
3, 67, 1867, 2963
List the prime factors of 699865881.
3, 11, 13, 263, 6203
What are the prime factors of 6942933427?
1553, 4470659
What are the prime factors of 7240516?
2, 1810129
List the prime factors of 12622985.
5, 1571, 1607
What are the prime factors of 624155499?
3, 11, 6304601
What are the prime factors of 138833082?
2, 3, 103, 109, 229
List the prime factors of 1429855446.
2, 3, 353, 675097
List the prime factors of 26656699.
26656699
List the prime factors of 974450453.
23, 197, 215063
List the prime factors of 7525285279.
8377, 898327
List the prime factors of 175405071.
3, 2677, 21841
What are the prime factors of 676751226?
2, 3, 2459, 45869
What are the prime factors of 255150961?
13, 29, 79, 659
List the prime factors of 68271152.
2, 83, 101, 509
List the prime factors of 29586545.
5, 17, 348077
What are the prime factors of 35767110?
2, 3, 5, 317, 3761
List the prime factors of 314804371.
7, 569, 1613
List the prime factors of 503216064.
2, 3, 13, 19, 131
What are the prime factors of 5535565565?
5, 103, 10748671
List the prime factors of 138665239.
41, 43, 78653
What are the prime factors of 32036070?
2, 3, 5, 11, 193, 503
List the prime factors of 154317590.
2, 5, 7, 2204537
What are the prime factors of 82529173?
419, 431, 457
What are the prime factors of 3939738321?
3, 17, 77249771
List the prime factors of 97824942.
2, 3, 389, 4657
List the prime factors of 1720395364.
2, 37, 11624293
What are the prime factors of 751613974?
2, 317, 1185511
List the prime factors of 3195444842.
2, 1123, 1422727
List the prime factors of 45790849.
13, 79, 44587
List the prime factors of 1406939749.
53, 1607, 16519
List the prime factors of 5175735912.
2, 3, 83, 866087
What are the prime factors of 21261131?
23, 924397
List the prime factors of 4723133512.
2, 590391689
List the prime factors of 646992832.
2, 10109263
What are the prime factors of 1895434226?
2, 7, 135388159
What are the prime factors of 1403786870?
2, 5, 140378687
List the prime factors of 546290197.
29, 61, 308813
List the prime factors of 15278942.
2, 7, 397, 2749
What are the prime factors of 39818040?
2, 3, 5, 389, 853
List the prime factors of 1386484705.
5, 83, 3340927
List the prime factors of 3592918132.
2, 898229533
What are the prime factors of 3019601?
13, 23, 10099
What are the prime factors of 228755993?
163, 1403411
What are the prime factors of 2813923090?
2, 5, 11, 25581119
What are the prime factors of 2175186474?
2, 3, 79, 349, 487
What are the prime factors of 255665459?
7, 2267, 16111
What are the prime factors of 326524272?
2, 3, 19, 358031
List the prime factors of 70152747.
3, 7, 1427, 2341
What are the prime factors of 2563171340?
2, 5, 593, 216119
List the prime factors of 2338791700.
2, 5, 7, 19, 41, 4289
What are the prime factors of 37381258?
2, 41, 151, 3019
What are the prime factors of 15928527?
3, 73, 72733
What are the prime factors of 17935635?
3, 5, 1195709
What are the prime factors of 1202509454?
2, 601254727
List the prime factors of 47853482.
2, 1489, 16069
What are the prime factors of 108359245?
5, 1427, 15187
List the prime factors of 229393708.
2, 57348427
List the prime factors of 101917899.
3, 23, 337, 487
What are the prime factors of 1659477632?
2, 19, 139, 4909
What are the prime factors of 363305364?
2, 3, 30275447
List the prime factors of 410950239.
3, 7, 19569059
What are the prime factors of 38270082?
2, 3, 29, 219943
List the prime factors of 380642690.
2, 5, 29, 1312561
What are the prime factors of 9810297?
3, 7, 155719
What are the prime factors of 1281363567?
3, 11, 38829199
What are the prime factors of 29662062?
2, 3, 4943677
What are the prime factors of 619209347?
41, 79, 191173
What are the prime factors of 2554774619?
34939, 73121
What are the prime factors of 587383879?
19, 1201, 25741
What are the prime factors of 1720040714?
2, 7, 179, 379, 1811
What are the prime factors of 238176614?
2, 13, 1973, 4643
What are the prime factors of 30023647?
47, 638801
List the prime factors of 104956602.
2, 3, 71, 433, 569
What are the prime factors of 20920506?
2, 3, 17, 205103
What are the prime factors of 33263099